3*y - 59883 + 16086 = 0. What is the thousands digit of y?
3
Let s(y) = -y - 5. Let j be s(-7). Suppose -11 = -j*q - 1. Suppose b + q*x - 58 = 0, 0 = -6*b + b - x + 362. What is the units digit of b?
3
Let w(f) = 12 - 15*f + 8*f + 8*f. Suppose -t - 6 = 2. What is the units digit of w(t)?
4
Let g = -66 - -65. What is the units digit of -5*(g + 4 + -6)?
5
Let o(f) = -f**2 + 15*f. Suppose 0 = v + 4*u + 11, 0 = 3*v + 4*u - 6*u - 37. Let t be o(v). What is the units digit of 2/7 + t/7?
8
Suppose c + 5*q = -0 + 81, -2*c = -2*q - 114. Let t = c - 41. What is the units digit of ((-16)/t)/(1/(-25))?
0
Suppose 0 = 4*k + 3*y - 119, -k + 135 = 4*k + y. Suppose 0 = -8*u + 23 - 87. Let q = k - u. What is the tens digit of q?
3
Suppose 4*t = 4*w - t - 8, -w + 4*t = -2. Let p(i) = -2 + 207*i + 8 + i**w - 212*i. What is the units digit of p(4)?
2
Let l be (-3 + 15/12)*16. Let q = 176 + l. What is the units digit of q?
8
Suppose -6962 = 13*l - 34678. What is the hundreds digit of l?
1
Let f = -14 + 16. Suppose f*n + 2*n = 20. Suppose -n*m + 5 = 3*s, -4*s + 3*m - m = -50. What is the tens digit of s?
1
Let c be -4*2*((-2 - -6) + -6). Let y be (-36)/(-10) + (-2)/(-5). Suppose -y*v - 2*q = -2, -3*q - c = -1. What is the units digit of v?
3
Let a(j) = 42*j - 60 + 51 - 16*j. What is the units digit of a(3)?
9
Suppose 135 - 603 = -18*q. What is the tens digit of q?
2
Let w be 1*15 - (-2 + 5). Suppose -i - w = -3*i. Suppose -39 - i = -5*m. What is the units digit of m?
9
What is the units digit of (-249557)/(-462) + 1 + 21/(-18)?
0
Let x(z) be the first derivative of -15*z**2/2 + 3*z - 15. What is the units digit of x(-1)?
8
Let v = 1302 - 374. What is the tens digit of v?
2
Let z(u) = 6*u**2 - 38*u + 237. What is the hundreds digit of z(7)?
2
What is the tens digit of ((-9730)/21)/(12/(-18))?
9
Let s be -3 - (-2 + (-1 - -1)). Let u be 0 + s - (-3 + -4). Suppose -u - 13 = -k. What is the units digit of k?
9
Let s(l) = l**2 - 3 - 7*l + 9 + 5. Let c be s(5). What is the units digit of (-2 + (c - -2))*18?
8
Suppose -5*i + 5*s - 225 = 0, i + 228 = -4*i + 2*s. Let q be (1/(32/(-48)))/((-1)/60). Let y = q + i. What is the units digit of y?
4
Let f be (-2)/(-16) - 14/(-16). Suppose -7 = -2*w - f. Suppose 3*o - 5*u = -o + 109, -78 = -w*o + 5*u. What is the tens digit of o?
3
Let b = 5 - 1. Suppose -d + 0*d = b*a - 22, 0 = -2*d - 2*a + 14. Suppose -3*f - 16 = -5*w, -21 = -3*w - d*f - 0*f. What is the units digit of w?
5
Let a = -4071 + 7428. What is the tens digit of a?
5
Let v = 3 + 5. Let d(p) = p**3 - 8*p**2 + 3*p - 17. What is the units digit of d(v)?
7
Let n = 1476 - 815. What is the hundreds digit of n?
6
Suppose 2*y + 2*y - 620 = 0. Suppose 9*h - 10*h + 4 = 0. Suppose -h*r - 3*a + 31 = -88, -5*r - 5*a + y = 0. What is the units digit of r?
6
Let t = -152 + 367. What is the tens digit of t?
1
Let k = 11 + -16. Let l(i) = -3*i**3 + 12*i**2 + 5*i + 7. Let o(q) = -5*q**3 + 18*q**2 + 8*q + 11. Let f(h) = k*o(h) + 8*l(h). What is the tens digit of f(-5)?
2
Let z(s) = s**3 + 14*s**2 - 4*s - 3. Let f be z(-14). Let o = f - 51. What is the units digit of o?
2
Suppose 4*m = -0*m + 8, 3*x - 18 = -3*m. Suppose 0 = 5*j - 2*a - 91, -12 = x*j + 5*a - 65. What is the tens digit of j?
1
Let l be -1*(-6)/(-2) + 7. Let b(n) = 3*n**2 - 4*n + 10. Let f be b(l). What is the tens digit of ((-5)/3 - -2)*f?
1
Let h(y) = -2*y**3 - 11*y**2 + 8*y - 25. What is the hundreds digit of h(-9)?
4
Suppose -17 = -4*n - 1. Let i(r) = 0*r + r + 3 - n*r. What is the units digit of i(-6)?
1
Let c be 1352/12 + (-6)/(-18). Let u = -67 + c. What is the units digit of u?
6
Let h be -7*1*(3 - 4). Suppose -h*x = q - 3*x + 18, -7 = -q + x. What is the tens digit of 120/q + 9 + -6?
6
Suppose -2*n = -0*n - 372. Suppose -5*c + 1 = n. Let l = c + 64. What is the units digit of l?
7
Suppose -9*b = 1808 - 5336. What is the units digit of b?
2
Let o(h) = -h**3 + 16*h**2 + 17*h - 4. What is the units digit of o(14)?
6
Let y = 54 + -50. What is the tens digit of 416/(-6)*(-9)/y?
5
Let z(g) = 61 + 153*g - 75*g - 76*g. What is the tens digit of z(0)?
6
What is the thousands digit of -7*(16920/(-42) + 8)?
2
Suppose -5 + 1 = 2*m + 3*z, -3*m = -4*z - 28. Suppose -m*w + 0*a = a + 18, 0 = -3*w + 3*a - 21. Let r = 17 + w. What is the tens digit of r?
1
What is the hundreds digit of -2*7574/(-16)*4?
7
Let u(w) = -w**2 - 8*w - 13. Let x be u(-4). Let g(z) = -z**2 + z - 4. Let y(p) = 1. Let q(d) = -g(d) - 2*y(d). What is the units digit of q(x)?
8
Let p be (600/18)/((-3)/(-9)). Let n = p - 53. What is the tens digit of n?
4
What is the hundreds digit of (37*(1 + 2))/(96/832)?
9
Let p be (-2)/(-6) - (-91)/(-3). Let n = -25 - p. What is the tens digit of n/((-20)/(-196)) + -4?
4
Let l(i) = 18*i**3 - 8*i**2 + 18*i - 20. What is the units digit of l(5)?
0
Suppose -16*t - 1279 = -19*t - 2*c, -2*t = -c - 855. What is the tens digit of t?
2
Let j(k) = -k - 3. Let r be j(-3). Suppose 2*m - 250 = -4*q - 46, 3*m = 5*q + 317. Suppose 3 + r = -z, -4*z = 4*d - m. What is the tens digit of d?
2
Let a(d) = d + 12. Let t be a(-6). Let k be ((-4)/t)/((-34)/255). Suppose 4*y = p + 300, k*p = 4*y - 225 - 59. What is the tens digit of y?
7
Let i(h) = 5*h + 23. Let x = -77 + 77. What is the units digit of i(x)?
3
Suppose l + 4*l = -20. Let h be (189/2)/(l/(-8)). What is the tens digit of (-2)/(-8) - h/(-12)?
1
Suppose g + 14 = -2*u, -2*g - 2*u = g + 22. Let m(h) = -h**3 - 3*h**2 + 5*h + 6. Let q be m(g). What is the units digit of q*3*(-6)/(-9)?
4
Let a(s) = -32*s**3 - 3*s**2 - 7*s. What is the hundreds digit of a(-3)?
8
Let o = 1928 + -275. What is the hundreds digit of o?
6
Let q = -16 + 21. Suppose -4*w - 2*v + 14 = 0, -4*w - 4*v - 1 = -5*v. Suppose -q*y + 4 = -w. What is the units digit of y?
1
Suppose -3*r - 2*g + 17 = 0, g = 5*r + 4*g - 28. Suppose -d - r = 4*d. Let c(w) = 14*w**2 - 2*w - 2. What is the units digit of c(d)?
4
Suppose 6*y - 4728 + 414 = 0. What is the tens digit of y?
1
Let d = 120 + -213. Let i = d - -186. What is the units digit of i?
3
Suppose -4*h = 8, 3*h + 4 = -0*z + z. Let m be 0 - (z + 3 + -91). Suppose -20*j = -17*j - m. What is the units digit of j?
0
Suppose -4*a = 3*r - 6980, 4*r = -8*a + 3*a + 8725. What is the hundreds digit of a?
7
What is the hundreds digit of (46 + 9)/((-3)/(-114)*2)?
0
Suppose -23*p + 3060 = -14*p. Suppose -38*x = -33*x - p. What is the tens digit of x?
6
Suppose -5*z = 3*q - 7*q + 41, 5*z + 44 = q. Let c = z + 45. What is the tens digit of c?
3
Let u be (3 - (-32)/(-12))*12. Suppose -r + u*w + 22 = 4, -18 = -r + w. What is the units digit of r/8*616/21?
6
Let q be 8/6*12/8. Let x be q/(-2)*(-6 - -1). Suppose 0*z + 150 = x*z. What is the units digit of z?
0
Suppose 4*s + 10*s = 9282. What is the hundreds digit of s?
6
Let s(z) = 2*z**3 + 19*z**2 - 14*z + 10. Let n(d) = -d**3 - 10*d**2 + 7*d - 5. Let q(j) = 7*n(j) + 4*s(j). What is the tens digit of q(-6)?
4
Suppose -3*k + 0 = -6. Suppose -4*q = 0, k*t + 123 = 5*t + 4*q. What is the units digit of t?
1
Let i(j) = 51*j**2 - 3*j + 3. What is the units digit of i(2)?
1
Let a be (-18)/8*((-112)/12 + 4). What is the tens digit of ((-212)/(-12))/(1/a)?
1
Suppose -167 + 85 = -2*t. What is the tens digit of t?
4
Let g = -49 - -48. Let i(o) = -164*o**3 + o**2 - o - 1. What is the units digit of i(g)?
5
What is the tens digit of 2*((-4005)/(-10) + -7)?
8
Let s(r) = 3951*r**2 + 2*r - 7. What is the thousands digit of s(-1)?
3
Let i = 230 - 200. What is the units digit of i?
0
Let g(w) = -w**2 + 8*w + 3. Let k = 16 + -15. Suppose 0 = d - k, 4*b = 2*d - 1 + 27. What is the units digit of g(b)?
0
Let k = 3 + 4. Suppose -2*f + k*f + 45 = 0. What is the units digit of 15*((-21)/f - 2)?
5
Let z(x) = -x**2 + x + 304. What is the units digit of z(0)?
4
Let n(j) = j**3 - j - 57. Let g be n(0). Let s be ((-424)/6)/((-58)/87). Let w = s + g. What is the tens digit of w?
4
What is the units digit of 12/16*-4 + (-1288)/(-2)?
1
What is the hundreds digit of ((-894)/4)/(3 + (-35)/10)?
4
Suppose -n - 81 - 114 = 0. What is the units digit of 3/(-12) + 3/((-36)/n)?
6
Suppose 13*l - 32 = 20. Let c = l - -40. What is the tens digit of c?
4
Let o = -123 - -262. What is the hundreds digit of o?
1
Let s = 2093 - 1382. What is the tens digit of s?
1
Let l = -2464 + 3129. What is t